
{"id":44,"date":"2012-01-23T22:51:04","date_gmt":"2012-01-23T22:51:04","guid":{"rendered":"http:\/\/190.120.228.92\/neptune\/?page_id=44"},"modified":"2012-01-23T22:51:04","modified_gmt":"2012-01-23T22:51:04","slug":"editorial","status":"publish","type":"page","link":"https:\/\/www.lejournalduforkane.com\/index.php\/editorial\/","title":{"rendered":"Editorial"},"content":{"rendered":"<p>Le Journal Du Forkane ne se veut pas un simple journal \u00e9v\u00e9nementiel mais une approche globale des probl\u00e8mes mondiaux en particulier ceux qui touchent le monde Musulman.<\/p>\n<p>Les Musulmans sont en effet la seule communaut\u00e9 qui tient encore debout tout en boitant.<\/p>\n<p>Cette approche permet de ne pas se perdre dans un labyrinthe de faits rapport\u00e9s sans critique ni jugement. Par exemple, un fait appara\u00eet clairement, c&rsquo;est le r\u00f4le destructeur des Am\u00e9ricains au service d&rsquo;Isra\u00ebl et l&rsquo;\u00e9tendard proph\u00e9tique tendu par l&rsquo;Iran \u00e0 tous les pays du monde.<\/p>\n<p>Mais les pays tardent \u00e0 s&rsquo;engager. C&rsquo;est seulement une fois qu&rsquo;ils sont dans la ligne de mire des despotes U.S donc d&rsquo;Isra\u00ebl qu&rsquo;ils sont pr\u00eats \u00e0 collaborer avec la R\u00e9publique Islamique d&rsquo;Iran. Le malheur des nations, c&rsquo;est qu&rsquo;elles r\u00e9agissent souvent trop tard.<\/p>\n<p style=\"text-align: center;\"><strong>Aller \u00e0 l&rsquo;essentiel pour comprendre l&rsquo;essentiel<\/strong><\/p>\n","protected":false},"excerpt":{"rendered":"<p>Le Journal Du Forkane ne se veut pas un simple journal \u00e9v\u00e9nementiel mais une approche globale des probl\u00e8mes mondiaux en particulier ceux qui touchent le monde Musulman. Les Musulmans sont<\/p>\n","protected":false},"author":2,"featured_media":0,"parent":0,"menu_order":0,"comment_status":"open","ping_status":"closed","template":"","meta":[],"_links":{"self":[{"href":"https:\/\/www.lejournalduforkane.com\/index.php\/wp-json\/wp\/v2\/pages\/44"}],"collection":[{"href":"https:\/\/www.lejournalduforkane.com\/index.php\/wp-json\/wp\/v2\/pages"}],"about":[{"href":"https:\/\/www.lejournalduforkane.com\/index.php\/wp-json\/wp\/v2\/types\/page"}],"author":[{"embeddable":true,"href":"https:\/\/www.lejournalduforkane.com\/index.php\/wp-json\/wp\/v2\/users\/2"}],"replies":[{"embeddable":true,"href":"https:\/\/www.lejournalduforkane.com\/index.php\/wp-json\/wp\/v2\/comments?post=44"}],"version-history":[{"count":0,"href":"https:\/\/www.lejournalduforkane.com\/index.php\/wp-json\/wp\/v2\/pages\/44\/revisions"}],"wp:attachment":[{"href":"https:\/\/www.lejournalduforkane.com\/index.php\/wp-json\/wp\/v2\/media?parent=44"}],"curies":[{"name":"wp","href":"https:\/\/api.w.org\/{rel}","templated":true}]}}

<p>Le Journal Du Forkane ne se veut pas un simple journal événementiel mais une approche globale des problèmes mondiaux en particulier ceux qui touchent le monde Musulman.</p>
<p>Les Musulmans sont en effet la seule communauté qui tient encore debout tout en boitant.</p>
<p>Cette approche permet de ne pas se perdre dans un labyrinthe de faits rapportés sans critique ni jugement. Par exemple, un fait apparaît clairement, c&rsquo;est le rôle destructeur des Américains au service d&rsquo;Israël et l&rsquo;étendard prophétique tendu par l&rsquo;Iran à tous les pays du monde.</p>
<p>Mais les pays tardent à s&rsquo;engager. C&rsquo;est seulement une fois qu&rsquo;ils sont dans la ligne de mire des despotes U.S donc d&rsquo;Israël qu&rsquo;ils sont prêts à collaborer avec la République Islamique d&rsquo;Iran. Le malheur des nations, c&rsquo;est qu&rsquo;elles réagissent souvent trop tard.</p>
<p style="text-align: center;"><strong>Aller à l&rsquo;essentiel pour comprendre l&rsquo;essentiel</strong></p>

<p>Le Journal Du Forkane ne se veut pas un simple journal événementiel mais une approche globale des problèmes mondiaux en particulier ceux qui touchent le monde Musulman. Les Musulmans sont</p>
